
77
Calculate the greatest common factor of 112 and 208.
16
What is the greatest common factor of 17584 and 336?
112
Calculate the greatest common divisor of 3145 and 68.
17
What is the greatest common factor of 280 and 700?
140
What is the greatest common divisor of 342 and 10146?
114
Calculate the highest common divisor of 24 and 192.
24
What is the highest common factor of 44 and 341?
11
What is the highest common divisor of 333 and 27?
9
What is the greatest common factor of 720 and 3?
3
Calculate the highest common factor of 24 and 152.
8
Calculate the greatest common divisor of 6 and 2.
2
What is the highest common factor of 637 and 441?
49
Calculate the greatest common factor of 24 and 174.
6
Calculate the greatest common divisor of 402 and 11859.
201
Calculate the greatest common divisor of 7 and 5327.
7
Calculate the greatest common factor of 208 and 48.
16
What is the greatest common divisor of 2219 and 7?
7
Calculate the greatest common divisor of 135 and 60.
15
What is the highest common divisor of 1178 and 76?
38
What is the greatest common divisor of 256 and 112?
16
Calculate the greatest common divisor of 2 and 850.
2
What is the highest common factor of 120 and 3000?
120
Calculate the highest common divisor of 22278 and 282.
282
What is the highest common divisor of 34 and 34?
34
What is the greatest common divisor of 45 and 555?
15
Calculate the greatest common factor of 228 and 78.
6
What is the greatest common factor of 6798 and 462?
66
What is the greatest common divisor of 150 and 2130?
30
What is the greatest common factor of 500 and 200?
100
Calculate the greatest common factor of 2870 and 280.
70
Calculate the greatest common factor of 21 and 4634.
7
What is the highest common divisor of 7447 and 22?
11
What is the highest common divisor of 988 and 19?
19
What is the greatest common factor of 135 and 621?
27
What is the highest common divisor of 108 and 36?
36
Calculate the greatest common divisor of 292 and 5986.
146
Calculate the highest common divisor of 140 and 4.
4
What is the highest common factor of 805 and 230?
115
What is the greatest common divisor of 99 and 176?
11
Calculate the highest common factor of 44 and 748.
44
What is the highest common divisor of 20 and 1310?
10
What is the greatest common factor of 31 and 148?
1
What is the greatest common factor of 558 and 414?
18
What is the greatest common factor of 131 and 11659?
131
Calculate the greatest common factor of 100 and 5875.
25
What is the highest common divisor of 46130 and 70?
70
Calculate the greatest common factor of 19 and 817.
19
What is the highest common divisor of 176 and 1496?
88
Calculate the greatest common divisor of 40 and 170.
10
What is the greatest common divisor of 2680 and 40?
40
Calculate the highest common divisor of 256 and 584.
8
Calculate the highest common divisor of 39 and 104.
13
Calculate the highest common factor of 430 and 250.
10
What is the highest common factor of 6 and 45?
3
Calculate the highest common divisor of 29 and 319.
29
Calculate the greatest common divisor of 3172 and 39.
13
What is the greatest common divisor of 90 and 1395?
45
Calculate the highest common factor of 6795 and 151.
151
Calculate the highest common divisor of 112 and 140.
28
Calculate the greatest common divisor of 143 and 117.
13
Calculate the greatest common factor of 28337 and 43.
43
Calculate the highest common factor of 28 and 232.
4
What is the greatest common factor of 69 and 92?
23
What is the highest common factor of 918 and 54?
54
Calculate the greatest common divisor of 336 and 120.
24
What is the greatest common factor of 32 and 224?
32
Calculate the highest common factor of 1190 and 17.
17
Calculate the highest common factor of 14 and 132300.
14
What is the highest common factor of 12499 and 29?
29
Calculate the highest common factor of 144 and 774.
18
What is the highest common divisor of 203 and 29?
29
What is the greatest common factor of 30 and 12?
6
What is the highest common divisor of 429 and 13?
13
What is the highest common factor of 470 and 7708?
94
What is the highest common divisor of 4342 and 65?
13
Calculate the highest common divisor of 920 and 200.
40
What is the highest common factor of 34 and 1819?
17
What is the greatest common divisor of 99 and 429?
33
Calculate the greatest common divisor of 13 and 2353.
13
Calculate the highest common divisor of 2 and 58.
2
What is the greatest common factor of 42 and 3472?
14
What is the highest common factor of 18 and 198?
18
Calculate the highest common divisor of 2106 and 108.
54
What is the greatest common divisor of 88 and 8?
8
What is the highest common divisor of 42 and 54?
6
What is the greatest common factor of 583 and 106?
53
Calculate the highest common divisor of 4704 and 96.
96
What is the highest common factor of 790 and 40?
10
What is the highest common factor of 67 and 536?
67
Calculate the highest common divisor of 255 and 102.
51
What is the highest common divisor of 10904 and 8?
8
Calculate the greatest common factor of 11 and 737.
11
What is the greatest common factor of 100 and 60?
20
Calculate the highest common factor of 3892 and 28.
28
What is the greatest common factor of 10 and 900?
10
Calculate the highest common factor of 45 and 1035.
45
What is the highest common divisor of 30 and 640?
10
Calculate the highest common divisor of 70 and 378.
14
Calculate the greatest common divisor of 147 and 1344.
21
Calculate the highest common divisor of 77 and 11.
11
What is the highest common divisor of 70 and 28?
14
What is the greatest common divisor of 10858 and 178?
178
Calculate the greatest common factor of 148 and 4.
4
Calculate the highest common divisor of 1225 and 28.
7
What is the highest common factor of 2430 and 180?
90
Calculate the highest common factor of 872 and 72.
8
What is the greatest common divisor of 598 and 46?
46
What is the highest common divisor of 17 and 391?
17
What is the greatest common factor of 989 and 43?
43
What is the highest common factor of 2070 and 1200?
30
What is the greatest common divisor of 2464 and 55?
11
What is the greatest common factor of 165 and 1254?
33
What is the highest common factor of 38 and 6?
2
What is the highest common factor of 384 and 6?
6
Calculate the greatest common factor of 500 and 4.
4
What is the greatest common divisor of 6 and 498?
6
What is the greatest common factor of 368 and 40?
8
Calculate the highest common divisor of 7 and 7.
7
What is the highest common divisor of 20 and 40?
20
Calculate the greatest common divisor of 10168 and 574.
82
What is the highest common factor of 198 and 66?
66
Calculate the greatest common factor of 2 and 162.
2
Calculate the greatest common factor of 18840 and 15.
15
Calculate the greatest common factor of 1610 and 14.
14
What is the greatest common divisor of 86 and 215?
43
What is the greatest common factor of 50 and 1025?
25
Calculate the greatest common factor of 608 and 32.
32
Calculate the highest common factor of 696 and 261.
87
What is the highest common factor of 3846 and 6?
6
What is the highest common divisor of 309 and 2060?
103
What is the greatest common divisor of 208 and 117?
13
What is the highest common factor of 41 and 697?
41
Calculate the highest common factor of 1304 and 163.
163
What is the highest common divisor of 154 and 14?
14
Calculate the highest common divisor of 15272 and 166.
166
Calculate the greatest common factor of 6 and 123.
3
Calculate the highest common factor of 161 and 70.
7
Calculate the highest common divisor of 4459 and 91.
91
Calculate the highest common divisor of 234 and 450.
18
Calculate the highest common divisor of 384 and 132.
12
What is the greatest common factor of 676 and 442?
26
What is the highest common factor of 4746 and 112?
14
What is the greatest common factor of 3 and 75?
3
What is the highest common divisor of 50 and 90?
10
Calculate the highest common divisor of 279 and 36.
9
What is the highest common divisor of 28323 and 54?
27
Calculate the greatest common factor of 23 and 299.
23
Calculate the highest common factor of 320 and 8080.
80
Calculate the greatest common factor of 30 and 7815.
15
What is the highest common factor of 108 and 444?
12
Calculate the greatest common divisor of 